{"id":416,"date":"2020-09-24T15:01:04","date_gmt":"2020-09-24T13:01:04","guid":{"rendered":"http:\/\/www.engineon.eu\/?page_id=416"},"modified":"2021-04-19T17:31:16","modified_gmt":"2021-04-19T15:31:16","slug":"soluzioni","status":"publish","type":"page","link":"https:\/\/www.engineon.eu\/index.php\/soluzioni\/","title":{"rendered":"soluzioni"},"content":{"rendered":"<div data-colibri-id=\"416-c1\" class=\"style-1448 style-local-416-c1 position-relative\">\r\n  <!---->\r\n  <div data-colibri-component=\"section\" data-colibri-id=\"416-c2\" id=\"reusable-sections\" class=\"h-section h-section-global-spacing d-flex align-items-lg-center align-items-md-center align-items-center style-1449 style-local-416-c2 position-relative\">\r\n    <!---->\r\n    <!---->\r\n    <div class=\"h-section-grid-container h-section-boxed-container\">\r\n      <!---->\r\n      <div data-colibri-id=\"416-c3\" class=\"h-row-container gutters-row-lg-3 gutters-row-md-3 gutters-row-0 gutters-row-v-lg-3 gutters-row-v-md-3 gutters-row-v-3 style-1450 style-local-416-c3 position-relative\">\r\n        <!---->\r\n        <div class=\"h-row justify-content-lg-center justify-content-md-center justify-content-center align-items-lg-center align-items-md-center align-items-center gutters-col-lg-3 gutters-col-md-3 gutters-col-0 gutters-col-v-lg-3 gutters-col-v-md-3 gutters-col-v-3\">\r\n          <!---->\r\n          <div class=\"h-column h-column-container d-flex h-col-lg-auto h-col-md-auto h-col-auto align-self-lg-center align-self-md-center align-self-center style-1451-outer style-local-416-c4-outer\">\r\n            <div data-colibri-id=\"416-c4\" class=\"d-flex h-flex-basis h-column__inner h-px-lg-0 h-px-md-0 h-px-0 v-inner-lg-0 v-inner-md-0 v-inner-0 style-1451 style-local-416-c4 position-relative\">\r\n              <!---->\r\n              <!---->\r\n              <div class=\"w-100 h-y-container h-column__content h-column__v-align flex-basis-100 align-self-lg-start align-self-md-start align-self-start\">\r\n                <!---->\r\n                <div data-colibri-id=\"416-c5\" class=\"h-text h-text-component style-1453 style-local-416-c5 position-relative h-element\">\r\n                  <!---->\r\n                  <!---->\r\n                  <div class=\"\">\r\n                    <p><span style=\"color: rgb(127, 127, 127); font-family: &quot;Open Sans&quot;; font-size: 16px; font-weight: 400;\">\ufeffSupportiamo l\u2019azienda nel percorso di cambiamento e crescita, mettendo a disposizione le nostre competenze negli ambiti Ingegneria delle Tecnologie, Amministrazione, Finanza e Controllo.<\/span><\/p>\r\n                  <\/div>\r\n                <\/div>\r\n              <\/div>\r\n            <\/div>\r\n          <\/div>\r\n        <\/div>\r\n      <\/div>\r\n    <\/div>\r\n  <\/div>\r\n  <div data-colibri-component=\"section\" data-colibri-id=\"416-c6\" id=\"reusable-sections-2\" class=\"h-section h-section-global-spacing d-flex align-items-lg-center align-items-md-center align-items-center style-1454 style-local-416-c6 position-relative\">\r\n    <!---->\r\n    <!---->\r\n    <div class=\"h-section-grid-container h-section-boxed-container\">\r\n      <!---->\r\n      <div data-colibri-id=\"416-c7\" class=\"h-row-container gutters-row-lg-3 gutters-row-md-3 gutters-row-0 gutters-row-v-lg-3 gutters-row-v-md-3 gutters-row-v-3 style-1455 style-local-416-c7 position-relative\">\r\n        <!---->\r\n        <div class=\"h-row justify-content-lg-center justify-content-md-center justify-content-center align-items-lg-stretch align-items-md-stretch align-items-stretch gutters-col-lg-3 gutters-col-md-3 gutters-col-0 gutters-col-v-lg-3 gutters-col-v-md-3 gutters-col-v-3\">\r\n          <!---->\r\n          <div class=\"h-column h-column-container d-flex h-col-lg-auto h-col-md-auto h-col-auto style-1456-outer style-local-416-c8-outer\">\r\n            <div data-colibri-id=\"416-c8\" class=\"d-flex h-flex-basis h-column__inner h-px-lg-0 h-px-md-0 h-px-0 v-inner-lg-0 v-inner-md-0 v-inner-0 style-1456 style-local-416-c8 position-relative\">\r\n              <!---->\r\n              <!---->\r\n              <div class=\"w-100 h-y-container h-column__content h-column__v-align flex-basis-100 align-self-lg-center align-self-md-center align-self-center\">\r\n                <!---->\r\n                <div data-colibri-id=\"416-c9\" class=\"d-block style-1457 style-local-416-c9 position-relative h-element\">\r\n                  <!---->\r\n                  <div class=\"h-image__frame-container-outer\">\r\n                    <div class=\"h-image__frame-container\">\r\n                      <!---->\r\n                      <!---->\r\n                      <img loading=\"lazy\" decoding=\"async\" width=\"561\" height=\"230\" src=\"http:\/\/www.engineon.eu\/wp-content\/uploads\/2020\/11\/logo_eoway.png\" class=\"wp-image-1912 style-1457-image style-local-416-c9-image\" alt=\"\" srcset=\"https:\/\/www.engineon.eu\/wp-content\/uploads\/2020\/11\/logo_eoway.png 561w, https:\/\/www.engineon.eu\/wp-content\/uploads\/2020\/11\/logo_eoway-300x123.png 300w\" sizes=\"auto, (max-width: 561px) 100vw, 561px\" \/>\r\n                      <div class=\"h-image__frame h-hide-lg h-hide-md h-hide-sm style-1457-frameImage style-local-416-c9-frameImage\"><\/div>\r\n                    <\/div>\r\n                  <\/div>\r\n                <\/div>\r\n              <\/div>\r\n            <\/div>\r\n          <\/div>\r\n          <div class=\"h-column h-column-container d-flex h-col-lg-auto h-col-md-auto h-col-auto style-1456-outer style-local-416-c10-outer\">\r\n            <div data-colibri-id=\"416-c10\" class=\"d-flex h-flex-basis h-column__inner h-px-lg-0 h-px-md-0 h-px-0 v-inner-lg-0 v-inner-md-0 v-inner-0 style-1456 style-local-416-c10 position-relative\">\r\n              <!---->\r\n              <!---->\r\n              <div class=\"w-100 h-y-container h-column__content h-column__v-align flex-basis-100 align-self-lg-center align-self-md-center align-self-center\">\r\n                <!---->\r\n                <div data-colibri-id=\"416-c11\" class=\"h-global-transition-all h-heading style-1458 style-local-416-c11 position-relative h-element\">\r\n                  <!---->\r\n                  <div class=\"h-heading__outer style-1458 style-local-416-c11\">\r\n                    <!---->\r\n                    <!---->\r\n                    <h5 class=\"\"><span style=\"color: rgb(47, 85, 151);\">eoway<\/span>&nbsp;&#8211; Gestire il Cambiamento<\/h5>\r\n                  <\/div>\r\n                <\/div>\r\n                <div data-colibri-id=\"416-c12\" class=\"h-text h-text-component style-1459 style-local-416-c12 position-relative h-element\">\r\n                  <!---->\r\n                  <!---->\r\n                  <div class=\"\">\r\n                    <p>eoway \u00e8 il metodo di analisi, programmazione, progettazione e controllo sviluppato da engineon, ed \u00e8 il risultato di anni di studio, formazione ed applicazione delle&nbsp;<span style=\"font-weight: 400; font-size: 16px; font-family: &quot;Open Sans&quot;; color: rgb(127, 127, 127);\">pi\u00f9 innovative tecniche di analisi e management, come ad esempio il Project Management ed il Process Mining, finalizzate ad un pi\u00f9 efficace ed efficiente Controllo di Gestione.&nbsp;<\/span>Ogni\r\n                      progetto segue il modello eoway, implementandone una o pi\u00f9 fasi. Questo approccio garantisce al cliente una visione completa della propria azienda, fornendo gli strumenti per valutare e decidere la strategia e le azioni opportune.<\/p>\r\n                  <\/div>\r\n                <\/div>\r\n              <\/div>\r\n            <\/div>\r\n          <\/div>\r\n        <\/div>\r\n      <\/div>\r\n    <\/div>\r\n  <\/div>\r\n<\/div>","protected":false},"excerpt":{"rendered":"<p>\ufeffSupportiamo l\u2019azienda nel percorso di cambiamento e crescita, mettendo a disposizione le nostre competenze negli ambiti Ingegneria delle Tecnologie, Amministrazione, Finanza e Controllo. eoway&nbsp;&#8211; Gestire il Cambiamento eoway \u00e8 il metodo di analisi, programmazione, progettazione e controllo sviluppato da engineon, ed \u00e8 il risultato di anni di studio, formazione ed applicazione delle&nbsp;pi\u00f9 innovative tecniche di [&hellip;]<\/p>\n","protected":false},"author":1,"featured_media":0,"parent":0,"menu_order":0,"comment_status":"closed","ping_status":"closed","template":"page-templates\/full-width-page.php","meta":{"footnotes":""},"class_list":["post-416","page","type-page","status-publish","hentry"],"_links":{"self":[{"href":"https:\/\/www.engineon.eu\/index.php\/wp-json\/wp\/v2\/pages\/416","targetHints":{"allow":["GET"]}}],"collection":[{"href":"https:\/\/www.engineon.eu\/index.php\/wp-json\/wp\/v2\/pages"}],"about":[{"href":"https:\/\/www.engineon.eu\/index.php\/wp-json\/wp\/v2\/types\/page"}],"author":[{"embeddable":true,"href":"https:\/\/www.engineon.eu\/index.php\/wp-json\/wp\/v2\/users\/1"}],"replies":[{"embeddable":true,"href":"https:\/\/www.engineon.eu\/index.php\/wp-json\/wp\/v2\/comments?post=416"}],"version-history":[{"count":7,"href":"https:\/\/www.engineon.eu\/index.php\/wp-json\/wp\/v2\/pages\/416\/revisions"}],"predecessor-version":[{"id":2052,"href":"https:\/\/www.engineon.eu\/index.php\/wp-json\/wp\/v2\/pages\/416\/revisions\/2052"}],"wp:attachment":[{"href":"https:\/\/www.engineon.eu\/index.php\/wp-json\/wp\/v2\/media?parent=416"}],"curies":[{"name":"wp","href":"https:\/\/api.w.org\/{rel}","templated":true}]}}